{"id":342,"date":"2022-09-06T08:54:19","date_gmt":"2022-09-06T08:54:19","guid":{"rendered":"https:\/\/startersites.io\/elementor\/beverr\/?page_id=342"},"modified":"2026-02-27T11:00:02","modified_gmt":"2026-02-27T10:00:02","slug":"a-propos","status":"publish","type":"page","link":"https:\/\/rumble-prod.fr\/index.php\/a-propos\/","title":{"rendered":"\u00c0 propos"},"content":{"rendered":"\t\t<div data-elementor-type=\"wp-page\" data-elementor-id=\"342\" class=\"elementor elementor-342\" data-elementor-post-type=\"page\">\n\t\t\t\t<div class=\"elementor-element elementor-element-e8aacca e-flex e-con-boxed e-con e-parent\" data-id=\"e8aacca\" data-element_type=\"container\" data-e-type=\"container\" data-settings=\"{&quot;background_background&quot;:&quot;classic&quot;}\">\n\t\t\t\t\t<div class=\"e-con-inner\">\n\t\t<div class=\"elementor-element elementor-element-2643736 e-con-full e-flex e-con e-child\" data-id=\"2643736\" data-element_type=\"container\" data-e-type=\"container\">\n\t\t\t\t<div class=\"elementor-element elementor-element-ebe51d4 elementor-widget elementor-widget-heading\" data-id=\"ebe51d4\" data-element_type=\"widget\" data-e-type=\"widget\" data-widget_type=\"heading.default\">\n\t\t\t\t<div class=\"elementor-widget-container\">\n\t\t\t\t\t<h2 class=\"elementor-heading-title elementor-size-default\">\u00c0 propos de moi<\/h2>\t\t\t\t<\/div>\n\t\t\t\t<\/div>\n\t\t\t\t<\/div>\n\t\t<div class=\"elementor-element elementor-element-27dd239 e-con-full e-flex e-con e-child\" data-id=\"27dd239\" data-element_type=\"container\" data-e-type=\"container\" data-settings=\"{&quot;background_background&quot;:&quot;classic&quot;}\">\n\t\t\t\t<div class=\"elementor-element elementor-element-5c6dc65 elementor-widget elementor-widget-image\" data-id=\"5c6dc65\" data-element_type=\"widget\" data-e-type=\"widget\" data-widget_type=\"image.default\">\n\t\t\t\t<div class=\"elementor-widget-container\">\n\t\t\t\t\t\t\t\t\t\t\t\t\t\t\t<img fetchpriority=\"high\" decoding=\"async\" width=\"683\" height=\"1024\" src=\"https:\/\/rumble-prod.fr\/wp-content\/uploads\/2025\/03\/kevin_home2-683x1024.webp\" class=\"attachment-large size-large wp-image-510\" alt=\"\" srcset=\"https:\/\/rumble-prod.fr\/wp-content\/uploads\/2025\/03\/kevin_home2-683x1024.webp 683w, https:\/\/rumble-prod.fr\/wp-content\/uploads\/2025\/03\/kevin_home2-200x300.webp 200w, https:\/\/rumble-prod.fr\/wp-content\/uploads\/2025\/03\/kevin_home2-768x1152.webp 768w, https:\/\/rumble-prod.fr\/wp-content\/uploads\/2025\/03\/kevin_home2.webp 1024w\" sizes=\"(max-width: 683px) 100vw, 683px\" \/>\t\t\t\t\t\t\t\t\t\t\t\t\t\t\t<\/div>\n\t\t\t\t<\/div>\n\t\t\t\t<\/div>\n\t\t\t\t\t<\/div>\n\t\t\t\t<\/div>\n\t\t<div class=\"elementor-element elementor-element-570f3d5 e-flex e-con-boxed e-con e-parent\" data-id=\"570f3d5\" data-element_type=\"container\" data-e-type=\"container\">\n\t\t\t\t\t<div class=\"e-con-inner\">\n\t\t\t\t<div class=\"elementor-element elementor-element-46da636 elementor-widget elementor-widget-heading\" data-id=\"46da636\" data-element_type=\"widget\" data-e-type=\"widget\" data-widget_type=\"heading.default\">\n\t\t\t\t<div class=\"elementor-widget-container\">\n\t\t\t\t\t<h2 class=\"elementor-heading-title elementor-size-default\">K\u00e9vin scheepers<\/h2>\t\t\t\t<\/div>\n\t\t\t\t<\/div>\n\t\t\t\t<div class=\"elementor-element elementor-element-dd1d8d3 elementor-widget elementor-widget-text-editor\" data-id=\"dd1d8d3\" data-element_type=\"widget\" data-e-type=\"widget\" data-widget_type=\"text-editor.default\">\n\t\t\t\t<div class=\"elementor-widget-container\">\n\t\t\t\t\t\t\t\t\t<p>r\u00e9alisateur &#8211; chef op\u00e9rateur &#8211; motion designer &#8211; coloriste<\/p>\t\t\t\t\t\t\t\t<\/div>\n\t\t\t\t<\/div>\n\t\t\t\t<div class=\"elementor-element elementor-element-c07de94 elementor-widget-mobile__width-inherit elementor-widget elementor-widget-text-editor\" data-id=\"c07de94\" data-element_type=\"widget\" data-e-type=\"widget\" data-widget_type=\"text-editor.default\">\n\t\t\t\t<div class=\"elementor-widget-container\">\n\t\t\t\t\t\t\t\t\t<p>Rumble est une entreprise individuelle sp\u00e9cialis\u00e9e en production et post-production vid\u00e9o, cr\u00e9\u00e9e en 2023 par K\u00e9vin Scheepers. Rumble allie la flexibilit\u00e9 d\u2019un freelance \u00e0 la m\u00e9thodologie d\u2019une agence, tout en s\u2019appuyant sur un savoir-faire vid\u00e9o multidisciplinaire permettant de r\u00e9pondre \u00e0 des challenges techniques pr\u00e9cis. Gr\u00e2ce \u00e0 sa capacit\u00e9 \u00e0 r\u00e9soudre des probl\u00e9matiques n\u00e9cessitant une connaissance compl\u00e8te du workflow de production, de la r\u00e9daction narrative \u00e0 la post-production, Rumble a su se rendre indispensable aupr\u00e8s de ses partenaires.<\/p>\t\t\t\t\t\t\t\t<\/div>\n\t\t\t\t<\/div>\n\t\t\t\t\t<\/div>\n\t\t\t\t<\/div>\n\t\t\t\t<\/div>\n\t\t","protected":false},"excerpt":{"rendered":"<p>\u00c0 propos de moi K\u00e9vin scheepers r\u00e9alisateur &#8211; chef op\u00e9rateur &#8211; motion designer &#8211; coloriste Rumble est une entreprise individuelle sp\u00e9cialis\u00e9e en production et post-production vid\u00e9o, cr\u00e9\u00e9e en 2023 par K\u00e9vin Scheepers. Rumble allie la flexibilit\u00e9 d\u2019un freelance \u00e0 la m\u00e9thodologie d\u2019une agence, tout en s\u2019appuyant sur un savoir-faire vid\u00e9o multidisciplinaire permettant de r\u00e9pondre \u00e0 [&hellip;]<\/p>\n","protected":false},"author":1,"featured_media":0,"parent":0,"menu_order":0,"comment_status":"closed","ping_status":"closed","template":"","meta":{"footnotes":""},"class_list":["post-342","page","type-page","status-publish","hentry"],"blocksy_meta":{"page_title_panel":"","has_hero_section":"disabled","8359239f778bbe3bed91b84f8a98834d":"","hero_section":"type-1","hero_elements":[{"id":"custom_title","enabled":true,"heading_tag":"h1","title":"Home"},{"id":"custom_description","enabled":true,"description_visibility":{"desktop":true,"tablet":true,"mobile":false}},{"id":"custom_meta","enabled":false,"meta_elements":[{"id":"author","enabled":true,"label":"By","has_author_avatar":"yes","avatar_size":25},{"id":"post_date","enabled":true,"label":"On","date_format_source":"default","date_format":"M j, Y"},{"id":"updated_date","enabled":false,"label":"On","date_format_source":"default","date_format":"M j, Y"},{"id":"categories","enabled":false,"label":"In","style":"simple"},{"id":"comments","enabled":true}],"page_meta_elements":{"joined":true,"articles_count":true,"comments":true}},{"id":"breadcrumbs","enabled":false}],"621fe1f720f11312a84fdfcd7da30690":"","hero_alignment1":"CT_CSS_SKIP_RULE","hero_margin":40,"hero_alignment2":"center","hero_vertical_alignment":"center","d3c34b06105b21298f295a81324d50aa":"","hero_structure":"narrow","1ef2fbf48ad24a43b9dcd4769ba797b5":"","page_title_bg_type":"featured_image","custom_hero_background":{"attachment_id":null},"page_title_image_size":"full","parallax":{"desktop":false,"tablet":false,"mobile":false},"d2eeb83f4a3a9c7437eb3779e9a1781f":"","hero_height":"250px","pageTitleFont":{"family":"Default","variation":"Default","size":"30px","line-height":"CT_CSS_SKIP_RULE","letter-spacing":"CT_CSS_SKIP_RULE","text-transform":"CT_CSS_SKIP_RULE","text-decoration":"CT_CSS_SKIP_RULE"},"pageTitleFontColor":{"default":{"color":"CT_CSS_SKIP_RULEDEFAULT"}},"pageMetaFont":{"family":"Default","variation":"n6","size":"12px","line-height":"1.3","letter-spacing":"CT_CSS_SKIP_RULE","text-transform":"uppercase","text-decoration":"CT_CSS_SKIP_RULE"},"pageMetaFontColor":{"default":{"color":"CT_CSS_SKIP_RULEDEFAULT"},"hover":{"color":"CT_CSS_SKIP_RULEDEFAULT"}},"page_meta_button_type_font_colors":{"default":{"color":"CT_CSS_SKIP_RULEDEFAULT"},"hover":{"color":"CT_CSS_SKIP_RULEDEFAULT"}},"page_meta_button_type_background_colors":{"default":{"color":"CT_CSS_SKIP_RULEDEFAULT"},"hover":{"color":"CT_CSS_SKIP_RULEDEFAULT"}},"pageExcerptFont":{"family":"Default","variation":"Default","size":"CT_CSS_SKIP_RULE","line-height":"CT_CSS_SKIP_RULE","letter-spacing":"CT_CSS_SKIP_RULE","text-transform":"CT_CSS_SKIP_RULE","text-decoration":"CT_CSS_SKIP_RULE"},"pageExcerptColor":{"default":{"color":"CT_CSS_SKIP_RULEDEFAULT"}},"breadcrumbsFont":{"family":"Default","variation":"Default","size":"CT_CSS_SKIP_RULE","line-height":"CT_CSS_SKIP_RULE","letter-spacing":"CT_CSS_SKIP_RULE","text-transform":"CT_CSS_SKIP_RULE","text-decoration":"CT_CSS_SKIP_RULE"},"breadcrumbsFontColor":{"default":{"color":"CT_CSS_SKIP_RULEDEFAULT"},"initial":{"color":"CT_CSS_SKIP_RULEDEFAULT"},"hover":{"color":"CT_CSS_SKIP_RULEDEFAULT"}},"pageTitleOverlay":{"background_type":"color","background_pattern":"type-1","background_image":{"attachment_id":null,"x":0,"y":0},"gradient":"linear-gradient(135deg,rgba(6,147,227,1) 0%,rgb(155,81,224) 100%)","background_repeat":"repeat","background_size":"auto","background_attachment":"scroll","patternColor":{"default":{"color":"#e5e7ea"}},"overlayColor":{"default":{"color":"CT_CSS_SKIP_RULE"}},"backgroundColor":{"default":{"color":"CT_CSS_SKIP_RULE"}}},"pageTitleBackground":{"background_type":"color","background_pattern":"type-1","background_image":{"attachment_id":null,"x":0,"y":0},"gradient":"linear-gradient(135deg,rgba(6,147,227,1) 0%,rgb(155,81,224) 100%)","background_repeat":"repeat","background_size":"auto","background_attachment":"scroll","patternColor":{"default":{"color":"#e5e7ea"}},"overlayColor":{"default":{"color":"CT_CSS_SKIP_RULE"}},"backgroundColor":{"default":{"color":"var(--theme-palette-color-6)"}}},"pageTitlePadding":{"top":"50px","bottom":"50px","left":"auto","right":"auto","linked":true},"b17a54b1f0e48f2fda831a59b5503107":"","page_structure_type":"default","daa56381fbfcefb461122e3544ad4598":"","content_style_source":"inherit","content_style":"wide","vertical_spacing_source":"custom","content_area_spacing":"none","background":{"background_type":"color","background_pattern":"type-1","background_image":{"attachment_id":null,"x":0,"y":0},"gradient":"linear-gradient(135deg,rgba(6,147,227,1) 0%,rgb(155,81,224) 100%)","background_repeat":"repeat","background_size":"auto","background_attachment":"scroll","patternColor":{"default":{"color":"#e5e7ea"}},"overlayColor":{"default":{"color":"CT_CSS_SKIP_RULE"}},"backgroundColor":{"default":{"color":"CT_CSS_SKIP_RULE"}}},"content_background":{"background_type":"color","background_pattern":"type-1","background_image":{"attachment_id":null,"x":0,"y":0},"gradient":"linear-gradient(135deg,rgba(6,147,227,1) 0%,rgb(155,81,224) 100%)","background_repeat":"repeat","background_size":"auto","background_attachment":"scroll","patternColor":{"default":{"color":"#e5e7ea"}},"overlayColor":{"default":{"color":"CT_CSS_SKIP_RULE"}},"backgroundColor":{"default":{"color":"var(--theme-palette-color-8)"}}},"content_boxed_shadow":{"inherit":false,"blur":18,"spread":-6,"v_offset":12,"h_offset":0,"inset":false,"enable":true,"color":{"color":"rgba(34, 56, 101, 0.04)"}},"content_boxed_border":{"width":1,"style":"none","color":{"color":"rgba(44,62,80,0.2)"}},"content_boxed_radius":{"top":"3px","bottom":"3px","left":"3px","right":"3px","linked":true},"boxed_content_spacing":{"desktop":{"top":"40px","bottom":"40px","left":"40px","right":"40px","linked":true},"tablet":{"top":"35px","bottom":"35px","left":"35px","right":"35px","linked":true},"mobile":{"top":"20px","bottom":"20px","left":"20px","right":"20px","linked":true}},"7714e4d58d5e4d0afb386fd4a595e84d":"","disable_featured_image":"no","disable_share_box":"no","disable_header":"no","disable_footer":"no","styles_descriptor":{"styles":{"desktop":"","tablet":"","mobile":""},"google_fonts":[],"version":6}},"yoast_head":"<!-- This site is optimized with the Yoast SEO plugin v27.3 - https:\/\/yoast.com\/product\/yoast-seo-wordpress\/ -->\n<title>\u00c0 propos - Rumble - Votre Prestataire Audiovisuel<\/title>\n<meta name=\"description\" content=\"Discutons ensemble de votre projet audiovisuel. Bas\u00e9 \u00e0 Clermont-Ferrand, Puy-de-D\u00f4me, je me d\u00e9place dans toute la France.\" \/>\n<meta name=\"robots\" content=\"index, follow, max-snippet:-1, max-image-preview:large, max-video-preview:-1\" \/>\n<link rel=\"canonical\" href=\"https:\/\/rumble-prod.fr\/index.php\/a-propos\/\" \/>\n<meta property=\"og:locale\" content=\"fr_FR\" \/>\n<meta property=\"og:type\" content=\"article\" \/>\n<meta property=\"og:title\" content=\"\u00c0 propos - Rumble - Votre Prestataire Audiovisuel\" \/>\n<meta property=\"og:description\" content=\"Discutons ensemble de votre projet audiovisuel. Bas\u00e9 \u00e0 Clermont-Ferrand, Puy-de-D\u00f4me, je me d\u00e9place dans toute la France.\" \/>\n<meta property=\"og:url\" content=\"https:\/\/rumble-prod.fr\/index.php\/a-propos\/\" \/>\n<meta property=\"og:site_name\" content=\"Rumble - Votre Prestataire Audiovisuel\" \/>\n<meta property=\"article:modified_time\" content=\"2026-02-27T10:00:02+00:00\" \/>\n<meta property=\"og:image\" content=\"https:\/\/rumble-prod.fr\/wp-content\/uploads\/2025\/03\/kevin_home2.webp\" \/>\n\t<meta property=\"og:image:width\" content=\"1024\" \/>\n\t<meta property=\"og:image:height\" content=\"1536\" \/>\n\t<meta property=\"og:image:type\" content=\"image\/webp\" \/>\n<meta name=\"twitter:card\" content=\"summary_large_image\" \/>\n<meta name=\"twitter:label1\" content=\"Dur\u00e9e de lecture estim\u00e9e\" \/>\n\t<meta name=\"twitter:data1\" content=\"1 minute\" \/>\n<script type=\"application\/ld+json\" class=\"yoast-schema-graph\">{\"@context\":\"https:\\\/\\\/schema.org\",\"@graph\":[{\"@type\":\"WebPage\",\"@id\":\"https:\\\/\\\/rumble-prod.fr\\\/index.php\\\/a-propos\\\/\",\"url\":\"https:\\\/\\\/rumble-prod.fr\\\/index.php\\\/a-propos\\\/\",\"name\":\"\u00c0 propos - Rumble - Votre Prestataire Audiovisuel\",\"isPartOf\":{\"@id\":\"https:\\\/\\\/rumble-prod.fr\\\/#website\"},\"primaryImageOfPage\":{\"@id\":\"https:\\\/\\\/rumble-prod.fr\\\/index.php\\\/a-propos\\\/#primaryimage\"},\"image\":{\"@id\":\"https:\\\/\\\/rumble-prod.fr\\\/index.php\\\/a-propos\\\/#primaryimage\"},\"thumbnailUrl\":\"http:\\\/\\\/rumble-prod.fr\\\/wp-content\\\/uploads\\\/2025\\\/03\\\/kevin_home2-683x1024.webp\",\"datePublished\":\"2022-09-06T08:54:19+00:00\",\"dateModified\":\"2026-02-27T10:00:02+00:00\",\"description\":\"Discutons ensemble de votre projet audiovisuel. Bas\u00e9 \u00e0 Clermont-Ferrand, Puy-de-D\u00f4me, je me d\u00e9place dans toute la France.\",\"breadcrumb\":{\"@id\":\"https:\\\/\\\/rumble-prod.fr\\\/index.php\\\/a-propos\\\/#breadcrumb\"},\"inLanguage\":\"fr-FR\",\"potentialAction\":[{\"@type\":\"ReadAction\",\"target\":[\"https:\\\/\\\/rumble-prod.fr\\\/index.php\\\/a-propos\\\/\"]}]},{\"@type\":\"ImageObject\",\"inLanguage\":\"fr-FR\",\"@id\":\"https:\\\/\\\/rumble-prod.fr\\\/index.php\\\/a-propos\\\/#primaryimage\",\"url\":\"https:\\\/\\\/rumble-prod.fr\\\/wp-content\\\/uploads\\\/2025\\\/03\\\/kevin_home2.webp\",\"contentUrl\":\"https:\\\/\\\/rumble-prod.fr\\\/wp-content\\\/uploads\\\/2025\\\/03\\\/kevin_home2.webp\",\"width\":1024,\"height\":1536},{\"@type\":\"BreadcrumbList\",\"@id\":\"https:\\\/\\\/rumble-prod.fr\\\/index.php\\\/a-propos\\\/#breadcrumb\",\"itemListElement\":[{\"@type\":\"ListItem\",\"position\":1,\"name\":\"Accueil\",\"item\":\"https:\\\/\\\/rumble-prod.fr\\\/\"},{\"@type\":\"ListItem\",\"position\":2,\"name\":\"\u00c0 propos\"}]},{\"@type\":\"WebSite\",\"@id\":\"https:\\\/\\\/rumble-prod.fr\\\/#website\",\"url\":\"https:\\\/\\\/rumble-prod.fr\\\/\",\"name\":\"Rumble - K\u00e9vin Scheepers\",\"description\":\"Production Audiovisuelle Clermont-Fd\",\"publisher\":{\"@id\":\"https:\\\/\\\/rumble-prod.fr\\\/#organization\"},\"potentialAction\":[{\"@type\":\"SearchAction\",\"target\":{\"@type\":\"EntryPoint\",\"urlTemplate\":\"https:\\\/\\\/rumble-prod.fr\\\/?s={search_term_string}\"},\"query-input\":{\"@type\":\"PropertyValueSpecification\",\"valueRequired\":true,\"valueName\":\"search_term_string\"}}],\"inLanguage\":\"fr-FR\"},{\"@type\":\"Organization\",\"@id\":\"https:\\\/\\\/rumble-prod.fr\\\/#organization\",\"name\":\"Rumble - K\u00e9vin Scheepers\",\"url\":\"https:\\\/\\\/rumble-prod.fr\\\/\",\"logo\":{\"@type\":\"ImageObject\",\"inLanguage\":\"fr-FR\",\"@id\":\"https:\\\/\\\/rumble-prod.fr\\\/#\\\/schema\\\/logo\\\/image\\\/\",\"url\":\"http:\\\/\\\/rumble-prod.fr\\\/wp-content\\\/uploads\\\/2025\\\/03\\\/logo_rumble_combre.png\",\"contentUrl\":\"http:\\\/\\\/rumble-prod.fr\\\/wp-content\\\/uploads\\\/2025\\\/03\\\/logo_rumble_combre.png\",\"width\":250,\"height\":90,\"caption\":\"Rumble - K\u00e9vin Scheepers\"},\"image\":{\"@id\":\"https:\\\/\\\/rumble-prod.fr\\\/#\\\/schema\\\/logo\\\/image\\\/\"},\"sameAs\":[\"https:\\\/\\\/www.linkedin.com\\\/in\\\/kvin-scheepers-007191109\\\/\"]}]}<\/script>\n<!-- \/ Yoast SEO plugin. -->","yoast_head_json":{"title":"\u00c0 propos - Rumble - Votre Prestataire Audiovisuel","description":"Discutons ensemble de votre projet audiovisuel. Bas\u00e9 \u00e0 Clermont-Ferrand, Puy-de-D\u00f4me, je me d\u00e9place dans toute la France.","robots":{"index":"index","follow":"follow","max-snippet":"max-snippet:-1","max-image-preview":"max-image-preview:large","max-video-preview":"max-video-preview:-1"},"canonical":"https:\/\/rumble-prod.fr\/index.php\/a-propos\/","og_locale":"fr_FR","og_type":"article","og_title":"\u00c0 propos - Rumble - Votre Prestataire Audiovisuel","og_description":"Discutons ensemble de votre projet audiovisuel. Bas\u00e9 \u00e0 Clermont-Ferrand, Puy-de-D\u00f4me, je me d\u00e9place dans toute la France.","og_url":"https:\/\/rumble-prod.fr\/index.php\/a-propos\/","og_site_name":"Rumble - Votre Prestataire Audiovisuel","article_modified_time":"2026-02-27T10:00:02+00:00","og_image":[{"width":1024,"height":1536,"url":"https:\/\/rumble-prod.fr\/wp-content\/uploads\/2025\/03\/kevin_home2.webp","type":"image\/webp"}],"twitter_card":"summary_large_image","twitter_misc":{"Dur\u00e9e de lecture estim\u00e9e":"1 minute"},"schema":{"@context":"https:\/\/schema.org","@graph":[{"@type":"WebPage","@id":"https:\/\/rumble-prod.fr\/index.php\/a-propos\/","url":"https:\/\/rumble-prod.fr\/index.php\/a-propos\/","name":"\u00c0 propos - Rumble - Votre Prestataire Audiovisuel","isPartOf":{"@id":"https:\/\/rumble-prod.fr\/#website"},"primaryImageOfPage":{"@id":"https:\/\/rumble-prod.fr\/index.php\/a-propos\/#primaryimage"},"image":{"@id":"https:\/\/rumble-prod.fr\/index.php\/a-propos\/#primaryimage"},"thumbnailUrl":"http:\/\/rumble-prod.fr\/wp-content\/uploads\/2025\/03\/kevin_home2-683x1024.webp","datePublished":"2022-09-06T08:54:19+00:00","dateModified":"2026-02-27T10:00:02+00:00","description":"Discutons ensemble de votre projet audiovisuel. Bas\u00e9 \u00e0 Clermont-Ferrand, Puy-de-D\u00f4me, je me d\u00e9place dans toute la France.","breadcrumb":{"@id":"https:\/\/rumble-prod.fr\/index.php\/a-propos\/#breadcrumb"},"inLanguage":"fr-FR","potentialAction":[{"@type":"ReadAction","target":["https:\/\/rumble-prod.fr\/index.php\/a-propos\/"]}]},{"@type":"ImageObject","inLanguage":"fr-FR","@id":"https:\/\/rumble-prod.fr\/index.php\/a-propos\/#primaryimage","url":"https:\/\/rumble-prod.fr\/wp-content\/uploads\/2025\/03\/kevin_home2.webp","contentUrl":"https:\/\/rumble-prod.fr\/wp-content\/uploads\/2025\/03\/kevin_home2.webp","width":1024,"height":1536},{"@type":"BreadcrumbList","@id":"https:\/\/rumble-prod.fr\/index.php\/a-propos\/#breadcrumb","itemListElement":[{"@type":"ListItem","position":1,"name":"Accueil","item":"https:\/\/rumble-prod.fr\/"},{"@type":"ListItem","position":2,"name":"\u00c0 propos"}]},{"@type":"WebSite","@id":"https:\/\/rumble-prod.fr\/#website","url":"https:\/\/rumble-prod.fr\/","name":"Rumble - K\u00e9vin Scheepers","description":"Production Audiovisuelle Clermont-Fd","publisher":{"@id":"https:\/\/rumble-prod.fr\/#organization"},"potentialAction":[{"@type":"SearchAction","target":{"@type":"EntryPoint","urlTemplate":"https:\/\/rumble-prod.fr\/?s={search_term_string}"},"query-input":{"@type":"PropertyValueSpecification","valueRequired":true,"valueName":"search_term_string"}}],"inLanguage":"fr-FR"},{"@type":"Organization","@id":"https:\/\/rumble-prod.fr\/#organization","name":"Rumble - K\u00e9vin Scheepers","url":"https:\/\/rumble-prod.fr\/","logo":{"@type":"ImageObject","inLanguage":"fr-FR","@id":"https:\/\/rumble-prod.fr\/#\/schema\/logo\/image\/","url":"http:\/\/rumble-prod.fr\/wp-content\/uploads\/2025\/03\/logo_rumble_combre.png","contentUrl":"http:\/\/rumble-prod.fr\/wp-content\/uploads\/2025\/03\/logo_rumble_combre.png","width":250,"height":90,"caption":"Rumble - K\u00e9vin Scheepers"},"image":{"@id":"https:\/\/rumble-prod.fr\/#\/schema\/logo\/image\/"},"sameAs":["https:\/\/www.linkedin.com\/in\/kvin-scheepers-007191109\/"]}]}},"_links":{"self":[{"href":"https:\/\/rumble-prod.fr\/index.php\/wp-json\/wp\/v2\/pages\/342","targetHints":{"allow":["GET"]}}],"collection":[{"href":"https:\/\/rumble-prod.fr\/index.php\/wp-json\/wp\/v2\/pages"}],"about":[{"href":"https:\/\/rumble-prod.fr\/index.php\/wp-json\/wp\/v2\/types\/page"}],"author":[{"embeddable":true,"href":"https:\/\/rumble-prod.fr\/index.php\/wp-json\/wp\/v2\/users\/1"}],"replies":[{"embeddable":true,"href":"https:\/\/rumble-prod.fr\/index.php\/wp-json\/wp\/v2\/comments?post=342"}],"version-history":[{"count":43,"href":"https:\/\/rumble-prod.fr\/index.php\/wp-json\/wp\/v2\/pages\/342\/revisions"}],"predecessor-version":[{"id":1068,"href":"https:\/\/rumble-prod.fr\/index.php\/wp-json\/wp\/v2\/pages\/342\/revisions\/1068"}],"wp:attachment":[{"href":"https:\/\/rumble-prod.fr\/index.php\/wp-json\/wp\/v2\/media?parent=342"}],"curies":[{"name":"wp","href":"https:\/\/api.w.org\/{rel}","templated":true}]}}